{"id":166,"date":"2013-05-06T22:01:40","date_gmt":"2013-05-06T21:01:40","guid":{"rendered":"http:\/\/am-see-ruegen.de\/?page_id=166"},"modified":"2024-04-22T18:52:18","modified_gmt":"2024-04-22T17:52:18","slug":"fewo-6","status":"publish","type":"page","link":"https:\/\/am-see-ruegen.de\/?page_id=166","title":{"rendered":"Gelber Richard"},"content":{"rendered":"<div id=\"pl-166\"  class=\"panel-layout\" ><div id=\"pg-166-0\"  class=\"panel-grid panel-no-style\" ><div id=\"pgc-166-0-0\"  class=\"panel-grid-cell\" ><div id=\"panel-166-0-0-0\" class=\"so-panel widget widget_sow-editor panel-first-child panel-last-child\" data-index=\"0\" ><div\n\t\t\t\n\t\t\tclass=\"so-widget-sow-editor so-widget-sow-editor-base\"\n\t\t\t\n\t\t>\n<div class=\"siteorigin-widget-tinymce textwidget\">\n\t<p>\tDas 2-Raum-Appartement liegt im Erdgeschoss und ist ca. 48 qm gro\u00df. Es bietet Platz f\u00fcr maximal 4 Erwachsene und wurde modern und komfortabel eingerichtet. Dieses Appartement verf\u00fcgt auch \u00fcber einen WLAN-Internet- und einen Telefonanschluss.<\/p>\n<p>Im Wohnraum befinden sich eine bequeme Sitzcouch mit Tisch, Sessel und ein TV-Ger\u00e4t. Hier steht auch ein Esstisch mit Sitzgelegenheiten.<br \/>\nIm separaten Schlafzimmer stehen ein bequemes Doppelbett mit Nachtschr\u00e4nken und Leselampen sowie ein Kleiderschrank.<\/p>\n<p>Die kleine K\u00fcchenzeile ist mit einem Herd, Wasserkocher, Kaffeemaschine, Toaster, Mikrowelle und K\u00fchlschrank komplett ausgestattet.<\/p>\n<p>F\u00fcr 2 weitere G\u00e4ste kann in diesem Appartement die Couch aufgebettet werden. Ein kleines Kinderreisebett und ein Hochstuhl k\u00f6nnen auf Wunsch kostenlos bereit gestellt werden.<\/p>\n<p>Bei Ihrer Anreise liegen frische Handt\u00fccher bereit und die Betten sind selbstverst\u00e4ndlich bereits mit Bettw\u00e4sche bezogen.<\/p>\n<p>Das Bad ist mit Dusche, WC und Waschtisch ausgestattet.<\/p>\n<p>Zu diesem Appartement im Erdgeschoss geh\u00f6rt auch eine Terrasse mit Gartenm\u00f6beln und Ausblick.<\/p>\n<p>Ein lieber Hund max. 40 cm hoch  ist gegen Aufpreis je \u00dcbernachtung ebenfalls herzlich willkommen!<\/p>\n<\/div>\n<\/div><\/div><\/div><\/div><div id=\"pg-166-1\"  class=\"panel-grid panel-no-style\" ><div id=\"pgc-166-1-0\"  class=\"panel-grid-cell\" ><div id=\"panel-166-1-0-0\" class=\"so-panel widget widget_slideshow panel-first-child panel-last-child\" data-index=\"1\" ><h3 class=\"widget-title\">Slideshow<\/h3><div class=\"ngg_slideshow widget\">\n    \n\n<div class=\"ngg-galleryoverview ngg-slideshow\"\n\t id=\"ngg-slideshow-8edcd3373cc428e399f722d63099aae9-750787100\"\n     data-gallery-id=\"8edcd3373cc428e399f722d63099aae9\"\n     style=\"max-width: 500px; max-height: 333px;\">\n\n \t<div id=\"ngg-image-0\" class=\"ngg-gallery-slideshow-image\" style=\"height:333px\">\n\n        <a href=\"https:\/\/am-see-ruegen.de\/wp-content\/gallery\/5-1\/grafensteiner-ruegen1.jpg\"\n           title=\"\"\n           data-src=\"https:\/\/am-see-ruegen.de\/wp-content\/gallery\/5-1\/grafensteiner-ruegen1.jpg\"\n           data-thumbnail=\"https:\/\/am-see-ruegen.de\/wp-content\/gallery\/5-1\/thumbs\/thumbs_grafensteiner-ruegen1.jpg\"\n           data-image-id=\"108\"\n           data-title=\"grafensteiner-ruegen1\"\n           data-description=\"\"\n           class=\"ngg-fancybox\" rel=\"8edcd3373cc428e399f722d63099aae9\">\n\n            <img data-image-id='108'\n                 title=\"\"\n                 alt=\"grafensteiner-ruegen1\"\n                 src=\"https:\/\/am-see-ruegen.de\/wp-content\/gallery\/5-1\/grafensteiner-ruegen1.jpg\"\n                 style=\"max-height: 313px;\"\/>\n        <\/a>\n\n        <\/div> \n<div id=\"ngg-image-1\" class=\"ngg-gallery-slideshow-image\" style=\"height:333px\">\n\n        <a href=\"https:\/\/am-see-ruegen.de\/wp-content\/gallery\/5-1\/grafensteiner-ruegen2.jpg\"\n           title=\"\"\n           data-src=\"https:\/\/am-see-ruegen.de\/wp-content\/gallery\/5-1\/grafensteiner-ruegen2.jpg\"\n           data-thumbnail=\"https:\/\/am-see-ruegen.de\/wp-content\/gallery\/5-1\/thumbs\/thumbs_grafensteiner-ruegen2.jpg\"\n           data-image-id=\"110\"\n           data-title=\"grafensteiner-ruegen2\"\n           data-description=\"\"\n           class=\"ngg-fancybox\" rel=\"8edcd3373cc428e399f722d63099aae9\">\n\n            <img data-image-id='110'\n                 title=\"\"\n                 alt=\"grafensteiner-ruegen2\"\n                 src=\"https:\/\/am-see-ruegen.de\/wp-content\/gallery\/5-1\/grafensteiner-ruegen2.jpg\"\n                 style=\"max-height: 313px;\"\/>\n        <\/a>\n\n        <\/div> \n<div id=\"ngg-image-2\" class=\"ngg-gallery-slideshow-image\" style=\"height:333px\">\n\n        <a href=\"https:\/\/am-see-ruegen.de\/wp-content\/gallery\/5-1\/grafensteiner-ruegen3.jpg\"\n           title=\"\"\n           data-src=\"https:\/\/am-see-ruegen.de\/wp-content\/gallery\/5-1\/grafensteiner-ruegen3.jpg\"\n           data-thumbnail=\"https:\/\/am-see-ruegen.de\/wp-content\/gallery\/5-1\/thumbs\/thumbs_grafensteiner-ruegen3.jpg\"\n           data-image-id=\"107\"\n           data-title=\"grafensteiner-ruegen3\"\n           data-description=\"\"\n           class=\"ngg-fancybox\" rel=\"8edcd3373cc428e399f722d63099aae9\">\n\n            <img data-image-id='107'\n                 title=\"\"\n                 alt=\"grafensteiner-ruegen3\"\n                 src=\"https:\/\/am-see-ruegen.de\/wp-content\/gallery\/5-1\/grafensteiner-ruegen3.jpg\"\n                 style=\"max-height: 313px;\"\/>\n        <\/a>\n\n        <\/div> \n<div id=\"ngg-image-3\" class=\"ngg-gallery-slideshow-image\" style=\"height:333px\">\n\n        <a href=\"https:\/\/am-see-ruegen.de\/wp-content\/gallery\/5-1\/grafensteiner-ruegen4.jpg\"\n           title=\"\"\n           data-src=\"https:\/\/am-see-ruegen.de\/wp-content\/gallery\/5-1\/grafensteiner-ruegen4.jpg\"\n           data-thumbnail=\"https:\/\/am-see-ruegen.de\/wp-content\/gallery\/5-1\/thumbs\/thumbs_grafensteiner-ruegen4.jpg\"\n           data-image-id=\"106\"\n           data-title=\"grafensteiner-ruegen4\"\n           data-description=\"\"\n           class=\"ngg-fancybox\" rel=\"8edcd3373cc428e399f722d63099aae9\">\n\n            <img data-image-id='106'\n                 title=\"\"\n                 alt=\"grafensteiner-ruegen4\"\n                 src=\"https:\/\/am-see-ruegen.de\/wp-content\/gallery\/5-1\/grafensteiner-ruegen4.jpg\"\n                 style=\"max-height: 313px;\"\/>\n        <\/a>\n\n        <\/div> \n<div id=\"ngg-image-4\" class=\"ngg-gallery-slideshow-image\" style=\"height:333px\">\n\n        <a href=\"https:\/\/am-see-ruegen.de\/wp-content\/gallery\/5-1\/grafensteiner-ruegen5.jpg\"\n           title=\"\"\n           data-src=\"https:\/\/am-see-ruegen.de\/wp-content\/gallery\/5-1\/grafensteiner-ruegen5.jpg\"\n           data-thumbnail=\"https:\/\/am-see-ruegen.de\/wp-content\/gallery\/5-1\/thumbs\/thumbs_grafensteiner-ruegen5.jpg\"\n           data-image-id=\"105\"\n           data-title=\"grafensteiner-ruegen5\"\n           data-description=\"\"\n           class=\"ngg-fancybox\" rel=\"8edcd3373cc428e399f722d63099aae9\">\n\n            <img data-image-id='105'\n                 title=\"\"\n                 alt=\"grafensteiner-ruegen5\"\n                 src=\"https:\/\/am-see-ruegen.de\/wp-content\/gallery\/5-1\/grafensteiner-ruegen5.jpg\"\n                 style=\"max-height: 313px;\"\/>\n        <\/a>\n\n        <\/div> \n<div id=\"ngg-image-5\" class=\"ngg-gallery-slideshow-image\" style=\"height:333px\">\n\n        <a href=\"https:\/\/am-see-ruegen.de\/wp-content\/gallery\/5-1\/grafensteiner-ruegen6.jpg\"\n           title=\"\"\n           data-src=\"https:\/\/am-see-ruegen.de\/wp-content\/gallery\/5-1\/grafensteiner-ruegen6.jpg\"\n           data-thumbnail=\"https:\/\/am-see-ruegen.de\/wp-content\/gallery\/5-1\/thumbs\/thumbs_grafensteiner-ruegen6.jpg\"\n           data-image-id=\"109\"\n           data-title=\"grafensteiner-ruegen6\"\n           data-description=\"\"\n           class=\"ngg-fancybox\" rel=\"8edcd3373cc428e399f722d63099aae9\">\n\n            <img data-image-id='109'\n                 title=\"\"\n                 alt=\"grafensteiner-ruegen6\"\n                 src=\"https:\/\/am-see-ruegen.de\/wp-content\/gallery\/5-1\/grafensteiner-ruegen6.jpg\"\n                 style=\"max-height: 313px;\"\/>\n        <\/a>\n\n        <\/div> \n<div id=\"ngg-image-6\" class=\"ngg-gallery-slideshow-image\" style=\"height:333px\">\n\n        <a href=\"https:\/\/am-see-ruegen.de\/wp-content\/gallery\/5-1\/krummstil-ruegen1.jpg\"\n           title=\"\"\n           data-src=\"https:\/\/am-see-ruegen.de\/wp-content\/gallery\/5-1\/krummstil-ruegen1.jpg\"\n           data-thumbnail=\"https:\/\/am-see-ruegen.de\/wp-content\/gallery\/5-1\/thumbs\/thumbs_krummstil-ruegen1.jpg\"\n           data-image-id=\"135\"\n           data-title=\"krummstil-ruegen1\"\n           data-description=\"\"\n           class=\"ngg-fancybox\" rel=\"8edcd3373cc428e399f722d63099aae9\">\n\n            <img data-image-id='135'\n                 title=\"\"\n                 alt=\"krummstil-ruegen1\"\n                 src=\"https:\/\/am-see-ruegen.de\/wp-content\/gallery\/5-1\/krummstil-ruegen1.jpg\"\n                 style=\"max-height: 313px;\"\/>\n        <\/a>\n\n        <\/div> \n<\/div>\n\n\n\n<\/div>\n<\/div><\/div><\/div><\/div>","protected":false},"excerpt":{"rendered":"<p>Das 2-Raum-Appartement liegt im Erdgeschoss und ist ca. 48 qm gro\u00df. Es bietet Platz f\u00fcr maximal 4 Erwachsene und wurde modern und komfortabel eingerichtet. Dieses Appartement verf\u00fcgt auch \u00fcber einen WLAN-Internet- und einen Telefonanschluss. Im Wohnraum befinden sich eine bequeme<\/p>\n","protected":false},"author":1,"featured_media":0,"parent":19,"menu_order":260,"comment_status":"closed","ping_status":"closed","template":"","meta":{"ngg_post_thumbnail":0},"aioseo_notices":[],"_links":{"self":[{"href":"https:\/\/am-see-ruegen.de\/index.php?rest_route=\/wp\/v2\/pages\/166"}],"collection":[{"href":"https:\/\/am-see-ruegen.de\/index.php?rest_route=\/wp\/v2\/pages"}],"about":[{"href":"https:\/\/am-see-ruegen.de\/index.php?rest_route=\/wp\/v2\/types\/page"}],"author":[{"embeddable":true,"href":"https:\/\/am-see-ruegen.de\/index.php?rest_route=\/wp\/v2\/users\/1"}],"replies":[{"embeddable":true,"href":"https:\/\/am-see-ruegen.de\/index.php?rest_route=%2Fwp%2Fv2%2Fcomments&post=166"}],"version-history":[{"count":13,"href":"https:\/\/am-see-ruegen.de\/index.php?rest_route=\/wp\/v2\/pages\/166\/revisions"}],"predecessor-version":[{"id":637,"href":"https:\/\/am-see-ruegen.de\/index.php?rest_route=\/wp\/v2\/pages\/166\/revisions\/637"}],"up":[{"embeddable":true,"href":"https:\/\/am-see-ruegen.de\/index.php?rest_route=\/wp\/v2\/pages\/19"}],"wp:attachment":[{"href":"https:\/\/am-see-ruegen.de\/index.php?rest_route=%2Fwp%2Fv2%2Fmedia&parent=166"}],"curies":[{"name":"wp","href":"https:\/\/api.w.org\/{rel}","templated":true}]}}